46?
4
What is the tens digit of 123041?
4
What is the thousands digit of 3214163?
4
What is the thousands digit of 107578?
7
What is the hundred thousands digit of 970918?
9
What is the hundreds digit of 672392?
3
What is the thousands digit of 254828?
4
What is the hundred thousands digit of 334506?
3
What is the hundreds digit of 164246?
2
What is the ten thousands digit of 34645?
3
What is the units digit of 5448957?
7
What is the units digit of 1883583?
3
What is the hundreds digit of 68680?
6
What is the ten thousands digit of 1739229?
3
What is the thousands digit of 462749?
2
What is the units digit of 1069157?
7
What is the ten thousands digit of 4920933?
2
What is the hundreds digit of 3335218?
2
What is the ten thousands digit of 3612075?
1
What is the hundred thousands digit of 787664?
7
What is the hundreds digit of 156905?
9
What is the hundreds digit of 761656?
6
What is the units digit of 54378?
8
What is the ten thousands digit of 1821664?
2
What is the ten millions digit of 20219686?
2
What is the hundred thousands digit of 965622?
9
What is the hundred thousands digit of 742581?
7
What is the ten thousands digit of 2295535?
9
What is the thousands digit of 305713?
5
What is the ten thousands digit of 1859449?
5
What is the hundreds digit of 1686821?
8
What is the thousands digit of 13347114?
7
What is the hundred thousands digit of 2518474?
5
What is the tens digit of 96953?
5
What is the thousands digit of 4561663?
1
What is the hundred thousands digit of 187447?
1
What is the thousands digit of 5592901?
2
What is the units digit of 582749?
9
What is the hundred thousands digit of 12928093?
9
What is the units digit of 2886181?
1
What is the hundred thousands digit of 1471106?
4
What is the ten thousands digit of 1056935?
5
What is the hundreds digit of 188841?
8
What is the thousands digit of 1489283?
9
What is the ten thousands digit of 879067?
7
What is the hundred thousands digit of 399708?
3
What is the tens digit of 320423?
2
What is the ten thousands digit of 2739673?
3
What is the units digit of 224330?
0
What is the hundreds digit of 2988377?
3
What is the units digit of 801838?
8
What is the tens digit of 8667548?
4
What is the tens digit of 5224659?
5
What is the hundred thousands digit of 4632662?
6
What is the thousands digit of 1119201?
9
What is the tens digit of 24885525?
2
What is the thousands digit of 2767371?
7
What is the thousands digit of 679450?
9
What is the ten thousands digit of 370509?
7
What is the thousands digit of 3622736?
2
What is the tens digit of 435338?
3
What is the hundreds digit of 974206?
2
What is the hundred thousands digit of 347040?
3
What is the ten thousands digit of 114314?
1
What is the ten thousands digit of 147877?
4
What is the units digit of 663806?
6
What is the hundreds digit of 176322?
3
What is the millions digit of 19287184?
9
What is the ten thousands digit of 1352117?
5
What is the hundreds digit of 1564465?
4
What is the hundred thousands digit of 243186?
2
What is the units digit of 2541864?
4
What is the hundreds digit of 2521952?
9
What is the thousands digit of 6331628?
1
What is the tens digit of 2233870?
7
What is the ten thousands digit of 107813?
0
What is the tens digit of 691142?
4
What is the hundred thousands digit of 300035?
3
What is the millions digit of 1612233?
1
What is the thousands digit of 1619757?
9
What is the ten thousands digit of 8739118?
3
What is the ten thousands digit of 4778741?
7
What is the thousands digit of 8656839?
6
What is the tens digit of 705537?
3
What is the ten thousands digit of 194749?
9
What is the hundreds digit of 1799118?
1
What is the hundreds digit of 54690?
6
What is the tens digit of 1494702?
0
What is the hundreds digit of 335928?
9
What is the millions digit of 1583419?
1
What is the thousands digit of 4768386?
8
What is the hundreds digit of 8574988?
9
What is the units digit of 730784?
4
What is the hundreds digit of 881025?
0
What is the ten thousands digit of 11296229?
9
What is the ten thousands digit of 32677736?
7
What is the hundred thousands digit of 730026?
7
What is the millions digit of 3051885?
3
What is the ten millions digit of 13001301?
1
What is the thousands digit of 382370?
2
What is the tens digit of 38147?
4
What is the thousands digit of 674076?
4
What is the units digit of 489843?
3
What is the millions digit of 5153002?
5
What is the tens digit of 714902?
0
What is the hundred thousands digit of 639099?
6
What is the millions digit of 3407138?
3
What is the millions digit of 13652291?
3
What is the hundreds digit of 691668?
6
What is the ten millions digit of 16259011?
1
What is the ten thousands digit of 1786115?
8
What is the hundreds digit of 25333?
3
What is the millions digit of 1878290?
1
What is the ten thousands digit of 89394?
8
What is the hundred thousands digit of 20383084?
3
What is the ten thousands digit of 3039339?
3
What is the hundreds digit of 17988?
9
What is the thousands digit of 265098?
5
What is the units digit of 75178?
8
What is the hundreds digit of 6742112?
1
What is the hundreds digit of 419427?
4
What is the tens digit of 11031881?
8
What is the millions digit of 3627554?
3
What is the ten thousands digit of 637562?
3
What is the hundreds digit of 72443?
4
What is the units digit of 22675756?
6
What is the millions digit of 27257747?
7
What is the thousands digit of 1232539?
2
What is the thousands digit of 1176720?
6
What is the hundred thousands digit of 219329?
2
What is the hundreds digit of 34690?
6
What is the ten thousands digit of 192811?
9
What is the ten thousands digit of 170296?
7
What is the units digit of 7837430?
0
What is the tens digit of 31087?
8
What is the hundreds digit of 841207?
2
What is the hundreds digit of 907611?
6
What is the hundreds digit of 244390?
3
What is the tens digit of 24689958?
5
What is the thousands digit of 1087845?
7
What is the tens digit of 21911609?
0
What is the hundred thousands digit of 419935?
4
What is the hundred thousands digit of 7689816?
6
What is the thousands digit of 462675?
2
What is the units digit of 6468953?
3
What is the ten thousands digit of 144061?
4
What is the ten thousands digit of 1195475?
9
What is the units digit of 4768672?
2
What is the units digit of 528484?
4
What is the millions digit of 2757041?
2
What is the millions digit of 18500665?
8
What is the thousands digit of 171369?
1
What is the tens digit of 156632?
3
What is the thousands digit of 2711835?
1
What is the hundred thousands digit of 2244297?
2
What is the ten thousands digit of 2198126?
9
What is the units digit of 73719?
9
What is the hundreds digit of 1542066?
0
What is the tens digit of 711565?
6
What is the units digit of 5193637?
7
What is the hundred thousands digit of 128462?
1
What is the units digit of 2856109?
9
What is the hundred thousands digit of 106490?
1
What is the hundreds digit of 136907?
9
What is the hundred thousands digit of 2322270?
3
What is the hundreds digit of 243103?
1
What is the ten thousands digit of 407188?
0
What is the hundred thousands digit of 437012?
4
What is the hundreds digit of 217354?
3
What is the thousands digit of 26446858?
6
What is the thousands digit of 262038?
2
What is the thousands digit of 71966?
1
What is the millions digit of 3451758?
3
What is the thousands digit of 315451?
5
What is the thousands digit of 822603?
2
What is the ten thousands digit of 1874671?
7
What is the millions digit of 1180873?
1
What is the ten thousands digit of 7060558?
6
What is the hundreds digit of 18996932?
9
What is the hundred thousands digit of 616318?
6
What is the hundreds digit of 81106?
1
What is the units digit of 1234415?
5
What is the millions digit of 4901680?
4
What is the hundred thousands digit of 2622979?
6
What is the tens digit of 4522557?
5
What is the ten thousands digit of 270780?
7
What is the hundred thousands digit of 7708098?
7
What is the units digit of 163728?
8
What is the tens digit of 338145?
4
What is the hundred thousands digit of 23621304?
6
What is the tens digit of 1091973?
7
What is the millions digit of 3688277?
3
What is the thousands digit of 1199172?
9
What is the tens digit of 56817?
1
What is the tens digit of 56857?
5
What is the ten thousa